= 2*r**3 - 13*r**2 + 13*r + 7. What are the prime factors of l(8)?
3, 101
Let x(m) = -5*m**2 + 5*m + 1. Let u(o) = -4*o**2 + 4*o + 1. Let c(a) = 6*u(a) - 5*x(a). Let z(v) = 2*v. Let b be z(-2). What are the prime factors of c(b)?
3, 7
Suppose 4*f + 10 = 9*f. Let u(o) = 19*o**3 + o**2 - o. List the prime factors of u(f).
2, 7, 11
Suppose -l + 0 = -5. Suppose -3 = c - l. Suppose 3*z + 3*q - 23 = 76, -3*z = -c*q - 119. List the prime factors of z.
37
Suppose -3*y + 2*s - 2 = -7*y, 4*y = s + 5. Let n be y/(-6) + 21/18. List the prime factors of 3 - ((-3)/n)/3.
2
Let g(z) = 33*z - 107. Let c be g(28). Suppose 4*l + h = c, -4*l = -8*l - 4*h + 820. List the prime factors of l.
2, 3, 17
Let h = 16023 - 10703. What are the prime factors of h?
2, 5, 7, 19
Let o(n) = -n**3 - 5*n**2 + 3. Let g be o(-5). Suppose -5*q + g*y = 12, -3*y = -6*q + 2*q - 12. Suppose k - 2*k + 5 = q. List the prime factors of k.
5
Let t(j) be the second derivative of j**4/12 - 5*j**3/3 + 3*j**2 - 7*j. Let c be t(10). List the prime factors of c/21 - (-159)/7.
23
Suppose 7*k - 5*k = -8. Suppose -23*r + 18*r - 40 = 0. List the prime factors of k/(-6)*(-624)/r.
2, 13
What are the prime factors of (-16)/(-36)*3 - (-14098)/6?
2351
Let p be (1 - -2)*40/12. Let m(j) = 2*j**2 - 4*j + 7. Let g be m(4). Let b = p + g. List the prime factors of b.
3, 11
Let l = 171 - 711. Let i be l/(-4)*8/(-10). List the prime factors of (-1812)/i - 2/(-9).
17
Suppose a = -4*w + 5*w - 6, -4*w + 38 = 3*a. Suppose -2*i = -w*i + 150. What are the prime factors of i?
5
Let h = -951 + 1339. What are the prime factors of h?
2, 97
Let l be 284/18 - (-8)/36. Let a = 12 - l. Let n(o) = -8*o - 1. What are the prime factors of n(a)?
31
Suppose c - 3*y - 20 = 0, c = -2*c - 4*y + 60. What are the prime factors of 26*(-65)/c*-2?
13
Let k be (-42)/10*390/13. Let y = -309 - -489. Let f = y + k. List the prime factors of f.
2, 3
Suppose -666 = 18*d - 1836. List the prime factors of d.
5, 13
Suppose 0*m - 2*m = -72. Let z be 6/(-27) + 44/m. What are the prime factors of (-24)/(-6) - (z + 1)?
2
Let s = 942 - 667. List the prime factors of s.
5, 11
Let c be 7/(42/(-1287))*16/24. Let j(h) = h**3 - 12. Let g be j(0). List the prime factors of c/(-4) - 3/g.
2, 3
Let s = 22 + -15. Let x = -2 - s. What are the prime factors of 16/5*(-45)/x?
2
Suppose -m + 8*m + 14 = 0. List the prime factors of 4995/40 - m/16.
5
Let m be (-8)/6*1035/(-46). What are the prime factors of (((-24)/m)/2)/((-1)/635)?
2, 127
Let f = -23 + 21. Let c(t) = -4*t - 4. Let r be c(f). Suppose 0*s - 3*s + 397 = 5*b, -b + r*s + 61 = 0. What are the prime factors of b?
7, 11
Let x(n) = 4*n - 56. Let y be x(16). Let r(l) = 6*l + 1. Let o be r(2). Let p = o + y. What are the prime factors of p?
3, 7
List the prime factors of 140/(-100) + 4044/10.
13, 31
Let s(l) = 110*l - 43. List the prime factors of s(4).
397
Let y = -1938 + 3065. What are the prime factors of y?
7, 23
Suppose 14 = -i + 2*i. Suppose i + 3 = k. What are the prime factors of k?
17
Suppose -b + 2*u = 0, 4*b - 24 = -2*u - 2*u. Suppose b*i = -9 + 21. Suppose 5*z = -4*d + 79, -3*z = -i*d - z + 65. What are the prime factors of d?
3, 7
Suppose 340*f = 339*f + 1298. List the prime factors of f.
2, 11, 59
Let b(n) = 3*n + 18. Suppose -c = -6*c + 20, 0 = v + 2*c - 40. List the prime factors of b(v).
2, 3, 19
Suppose 0 = -5*g + 5, 3*k = 2*k + 4*g + 1. Suppose l = 0, 5*i - l = -k*l + 15. Suppose i*n = 82 - 22. List the prime factors of n.
2, 5
Suppose 0 = -4*q - 5*p + 113, 3*q - 62 + 21 = 5*p. Let w = 20 - q. List the prime factors of (-41 + (1 - w))*-1.
2, 19
Let v(h) = h**3 + 17*h**2 + 14*h + 11. What are the prime factors of v(-8)?
5, 19
Suppose 2*l - 19 = -3*q - 0*q, 4*l - 8 = 4*q. Suppose -t + l*z = 17, -12 = 2*t + 5*z + 7. Let o(m) = -2*m - 14. What are the prime factors of o(t)?
2, 5
Let x(s) = 4*s**2 + 50*s + 117. What are the prime factors of x(-30)?
3, 739
Let u(v) = 11*v**2 + 31*v + 18. What are the prime factors of u(-8)?
2, 3, 79
Suppose 4*w - 2*p - 589 - 659 = 0, 0 = 4*w + 5*p - 1248. What are the prime factors of w?
2, 3, 13
Let y = -10 + 6. Let l be y/6 + 46/6. Suppose l*k = -1 + 15. What are the prime factors of k?
2
List the prime factors of 16783/13 - (9 + -1).
1283
Let x(f) = 299*f**2 - 4*f + 1. Let u be x(1). Suppose 0*y = 4*y - u. What are the prime factors of y?
2, 37
Suppose -4*p + 12 = -8. Suppose -d + p*d = 4*n + 40, -2*n = -d + 11. List the prime factors of d.
3
Let w = 64 + -13. Suppose 0 = 5*x - 2*f + 13 + 2, 0 = -4*x + 3*f - 5. Let c = w - x. List the prime factors of c.
2, 7
Let c(z) = -42*z - 194. List the prime factors of c(-14).
2, 197
Let n be (-2 + 3)/1 + -7. Let v be 0/(-1) - (-48)/2. Let w = n + v. List the prime factors of w.
2, 3
Let y(c) = c + 351. Let x be y(0). Let d be x/2 + 3/(-2). Suppose 7*w - 3*w = 5*g - d, -g + 37 = -3*w. List the prime factors of g.
2, 17
Let b(m) be the third derivative of m**4/12 + 7*m**3/3 + 10*m**2. Let j be b(0). What are the prime factors of 680/26 + j/(-91)?
2, 13
Suppose -38 - 28 = -6*f. Suppose f = -v - 62. Let p = v - -135. List the prime factors of p.
2, 31
Suppose -412*v + 411*v + 380 = 0. What are the prime factors of v?
2, 5, 19
Let r be 0 + (3/(-3))/((-5)/(-295)). Let x = -7 - r. What are the prime factors of x?
2, 13
Let a be (2/3)/((-6)/54). Let q = a - -14. Suppose q*m - 7*m - 31 = 0. List the prime factors of m.
31
Let r be -1 - (-1264)/6 - 8/12. Suppose 0*a - 4*a + 854 = -2*w, r = a + w. What are the prime factors of a?
2, 53
Suppose l + h + 0*h - 206 = 0, 4*h + 848 = 4*l. What are the prime factors of l?
11, 19
What are the prime factors of 10774/3 + 22/33?
2, 449
Let t be 3 - 1/(-4 - -3). Suppose 391 = 4*u - 3*r, -t*u + 386 = 6*r - 4*r. What are the prime factors of u?
97
Let l = 821 - -2202. What are the prime factors of l?
3023
What are the prime factors of (-34344)/(-40) - (-49)/35?
2, 5, 43
Suppose 3304 = 5*r - l - 4183, 4*r + 2*l - 5984 = 0. List the prime factors of r.
3, 499
What are the prime factors of 2*(-6)/(-12)*41?
41
Let f = 161 - -507. List the prime factors of f.
2, 167
Suppose 5*n + 18 = -57. Let o be 10/n - (-436)/6. Suppose 0*b - 2*b = 3*y - 54, -4*y + o = -3*b. List the prime factors of y.
2, 3
Suppose 10*x = 13*x - 1230. List the prime factors of x.
2, 5, 41
Let w = 30 + -30. Suppose w*a = -12*a + 2148. What are the prime factors of a?
179
Suppose 2*q + 9 + 11 = 0. Suppose -27*s + 25*s - 36 = 0. Let w = q - s. List the prime factors of w.
2
Let b be 26*(6 + (2 - 6)). Let y = -32 + b. Suppose f + 3*f - y = 0, 0 = -2*j + 3*f - 3. List the prime factors of j.
2, 3
Let n(b) be the third derivative of -b**5/60 - 5*b**4/12 + 5*b**3/2 - b**2. List the prime factors of n(-8).
31
Suppose -s - 334 = v + 233, -2*s = -10. List the prime factors of (-2)/(-9) + v/(-99).
2, 3
Suppose a + 2*b = -4, -a - 34 = -5*a + 2*b. Suppose a = 3*c - 3*q - 315, 0 = 2*c - q - 212. List the prime factors of c.
3, 5, 7
Let d = -16 - -192. Suppose -d = -5*c + 299. What are the prime factors of c?
5, 19
Let a = -85 - -84. Let n be 12/1 + 1 + 0. Let g = a + n. What are the prime factors of g?
2, 3
Let m = 6 - -18. Let k = -27 + 41. Let u = m - k. List the prime factors of u.
2, 5
Let z be 4/(-1)*(30/(-8))/(-5). What are the prime factors of 3*(z + 10)*7?
3, 7
What are the prime factors of 785 + (2 - -1)*1?
2, 197
Let x(h) = -5*h**3 - 18*h**2 - 2*h + 2. List the prime factors of x(-4).
2, 3, 7
Let b = 389 + -1721. List the prime factors of (-10)/70 + b/(-14).
5, 19
Let a(i) = i**2 + 2*i + 41. Let g be a(0). Suppose 2*n - 64 = -4*t - t, g = n - 2*t. Suppose n = 6*d - 5*d. What are the prime factors of d?
37
Suppose 10*u - 3359 - 8951 = 0. What are the prime factors of u?
1231
Let r be ((-2007)/6)/(9/18). Let m = -438 - r. List the prime factors of m.
3, 7, 11
What are the prime factors of 3831/(-1)*(286/39)/(-22)?
1277
Let u(z) = -z**3 + 5*z**2 - 7*z + 4. Let r be u(3). Let g be ((-138)/(-4))/(r/2). Suppose 2*f = -f + g. What are the prime factors of f?
23
Suppose -2 = 4*w - 18. Suppose 0*t + 355 = 2*t + p, 0 = 5*t - w*p - 920. List the prime factors of t.
2, 3, 5
List the prime factors of (-7766)/(-4) - 360/(-144).
2, 3
Let y(k) = 5*k**2 - 2*k - 15. List the prime factors of y(8).
17
Suppose 0 = 5*i - 1334 + 154. List the prime fac